{"id":136,"date":"2025-11-11T15:55:04","date_gmt":"2025-11-11T14:55:04","guid":{"rendered":"https:\/\/campusrestrepo.unillanos.edu.co\/?page_id=136"},"modified":"2025-11-11T15:55:04","modified_gmt":"2025-11-11T14:55:04","slug":"boleteria","status":"publish","type":"page","link":"https:\/\/campusrestrepo.unillanos.edu.co\/index.php\/boleteria\/","title":{"rendered":"Boleter\u00eda"},"content":{"rendered":"\n<p>Explora, aprende y vive la experiencia del Centro de Apropiaci\u00f3n Social del Conocimiento.<\/p>\n\n\n\n<p><br>El ingreso incluye acceso a las exposiciones del Museo de Historia Natural Unillanos, recorrido guiado al sendero ecol\u00f3gico, y actividades interactivas programadas durante la jornada.<\/p>\n\n\n\n<p><strong><u>TARIFAS DE INGRESO<\/u><\/strong><\/p>\n\n\n\n<p>\u00b7&nbsp;&nbsp;&nbsp;&nbsp;&nbsp;&nbsp;&nbsp;P\u00fablico general: $20.000<\/p>\n\n\n\n<p>\u00b7&nbsp;&nbsp;&nbsp;&nbsp;&nbsp;&nbsp;&nbsp;Comunidad Unillanista: $15.000<\/p>\n\n\n\n<p><em>La tarifa preferencial aplica para estudiantes, docentes, egresados y funcionarios de la Universidad de los Llanos.<\/em><\/p>\n\n\n\n<p>Para acceder a este beneficio, ser\u00e1 necesario presentar una copia o fotograf\u00eda del carn\u00e9 institucional o cualquier documento que acredite su vinculaci\u00f3n a la comunidad de la Universidad de los Llanos al momento de la visita.<\/p>\n\n\n\n<p><\/p>\n","protected":false},"excerpt":{"rendered":"<p>Explora, aprende y vive la experiencia del Centro de Apropiaci\u00f3n Social del Conocimiento. El ingreso incluye acceso a las exposiciones del Museo de Historia Natural Unillanos, recorrido guiado al sendero ecol\u00f3gico, y actividades interactivas programadas durante la jornada. TARIFAS DE INGRESO \u00b7&nbsp;&nbsp;&nbsp;&nbsp;&nbsp;&nbsp;&nbsp;P\u00fablico general: $20.000 \u00b7&nbsp;&nbsp;&nbsp;&nbsp;&nbsp;&nbsp;&nbsp;Comunidad Unillanista: $15.000 La tarifa preferencial aplica para estudiantes, docentes, egresados [&hellip;]<\/p>\n","protected":false},"author":1,"featured_media":0,"parent":0,"menu_order":0,"comment_status":"closed","ping_status":"closed","template":"","meta":{"footnotes":""},"class_list":["post-136","page","type-page","status-publish","hentry"],"blocksy_meta":[],"_links":{"self":[{"href":"https:\/\/campusrestrepo.unillanos.edu.co\/index.php\/wp-json\/wp\/v2\/pages\/136","targetHints":{"allow":["GET"]}}],"collection":[{"href":"https:\/\/campusrestrepo.unillanos.edu.co\/index.php\/wp-json\/wp\/v2\/pages"}],"about":[{"href":"https:\/\/campusrestrepo.unillanos.edu.co\/index.php\/wp-json\/wp\/v2\/types\/page"}],"author":[{"embeddable":true,"href":"https:\/\/campusrestrepo.unillanos.edu.co\/index.php\/wp-json\/wp\/v2\/users\/1"}],"replies":[{"embeddable":true,"href":"https:\/\/campusrestrepo.unillanos.edu.co\/index.php\/wp-json\/wp\/v2\/comments?post=136"}],"version-history":[{"count":1,"href":"https:\/\/campusrestrepo.unillanos.edu.co\/index.php\/wp-json\/wp\/v2\/pages\/136\/revisions"}],"predecessor-version":[{"id":137,"href":"https:\/\/campusrestrepo.unillanos.edu.co\/index.php\/wp-json\/wp\/v2\/pages\/136\/revisions\/137"}],"wp:attachment":[{"href":"https:\/\/campusrestrepo.unillanos.edu.co\/index.php\/wp-json\/wp\/v2\/media?parent=136"}],"curies":[{"name":"wp","href":"https:\/\/api.w.org\/{rel}","templated":true}]}}