{"id":139,"date":"2025-11-11T15:57:17","date_gmt":"2025-11-11T14:57:17","guid":{"rendered":"https:\/\/campusrestrepo.unillanos.edu.co\/?page_id=139"},"modified":"2025-11-11T15:57:17","modified_gmt":"2025-11-11T14:57:17","slug":"mhnu","status":"publish","type":"page","link":"https:\/\/campusrestrepo.unillanos.edu.co\/index.php\/mhnu\/","title":{"rendered":"MHNU"},"content":{"rendered":"\n<p>El&nbsp;<strong>Museo de Historia Natural Unillanos (MHNU)<\/strong>&nbsp;es un espacio de investigaci\u00f3n, conservaci\u00f3n y divulgaci\u00f3n cient\u00edfica adscrito al Centro de Apropiaci\u00f3n Social del Conocimiento. Alberga colecciones biol\u00f3gicas de la regi\u00f3n de la Orinoquia, con el prop\u00f3sito de contribuir al conocimiento, la valoraci\u00f3n y el uso sostenible de la biodiversidad.<\/p>\n\n\n\n<p>\u00b7&nbsp;&nbsp;&nbsp;&nbsp;&nbsp;&nbsp;Misi\u00f3n: Fomentar en la comunidad en general la apropiaci\u00f3n de la diversidad biol\u00f3gica caracter\u00edstica de la Orinoquia a trav\u00e9s de la investigaci\u00f3n cient\u00edfica y la educaci\u00f3n. Esto incluye la preservaci\u00f3n de una muestra del patrimonio natural nacional representada en espec\u00edmenes biol\u00f3gicos de colecciones cient\u00edficas, exhibiciones permanentes, temporales o itinerantes, y actividades educativas y did\u00e1cticas que permitan promover su descubrimiento, estudio y divulgaci\u00f3n.<\/p>\n\n\n\n<p>\u00b7&nbsp;&nbsp;&nbsp;&nbsp;&nbsp;&nbsp;&nbsp;Visi\u00f3n:&nbsp;El MHNU potenciar\u00e1 la investigaci\u00f3n sobre la diversidad biol\u00f3gica nacional con \u00e9nfasis en fauna de la Orinoquia colombiana, as\u00ed como su conocimiento y acercamiento a la sociedad en general, esto mediante el apoyo a semilleros y grupos de investigaci\u00f3n, l\u00edneas de profundizaci\u00f3n y convenios acad\u00e9micos, lo que permitir\u00e1 consolidar al MHNU como referente de informaci\u00f3n sobre la biodiversidad regional, su uso y conservaci\u00f3n.<\/p>\n\n\n\n<p>\u00b7&nbsp;&nbsp;&nbsp;&nbsp;&nbsp;&nbsp;<strong>L\u00edneas de trabajo:<\/strong>&nbsp;Investigaci\u00f3n cient\u00edfica, Educaci\u00f3n ambiental, Conservaci\u00f3n y Exposici\u00f3n.<\/p>\n","protected":false},"excerpt":{"rendered":"<p>El&nbsp;Museo de Historia Natural Unillanos (MHNU)&nbsp;es un espacio de investigaci\u00f3n, conservaci\u00f3n y divulgaci\u00f3n cient\u00edfica adscrito al Centro de Apropiaci\u00f3n Social del Conocimiento. Alberga colecciones biol\u00f3gicas de la regi\u00f3n de la Orinoquia, con el prop\u00f3sito de contribuir al conocimiento, la valoraci\u00f3n y el uso sostenible de la biodiversidad. \u00b7&nbsp;&nbsp;&nbsp;&nbsp;&nbsp;&nbsp;Misi\u00f3n: Fomentar en la comunidad en general la [&hellip;]<\/p>\n","protected":false},"author":1,"featured_media":0,"parent":0,"menu_order":0,"comment_status":"closed","ping_status":"closed","template":"","meta":{"footnotes":""},"class_list":["post-139","page","type-page","status-publish","hentry"],"blocksy_meta":[],"_links":{"self":[{"href":"https:\/\/campusrestrepo.unillanos.edu.co\/index.php\/wp-json\/wp\/v2\/pages\/139","targetHints":{"allow":["GET"]}}],"collection":[{"href":"https:\/\/campusrestrepo.unillanos.edu.co\/index.php\/wp-json\/wp\/v2\/pages"}],"about":[{"href":"https:\/\/campusrestrepo.unillanos.edu.co\/index.php\/wp-json\/wp\/v2\/types\/page"}],"author":[{"embeddable":true,"href":"https:\/\/campusrestrepo.unillanos.edu.co\/index.php\/wp-json\/wp\/v2\/users\/1"}],"replies":[{"embeddable":true,"href":"https:\/\/campusrestrepo.unillanos.edu.co\/index.php\/wp-json\/wp\/v2\/comments?post=139"}],"version-history":[{"count":1,"href":"https:\/\/campusrestrepo.unillanos.edu.co\/index.php\/wp-json\/wp\/v2\/pages\/139\/revisions"}],"predecessor-version":[{"id":140,"href":"https:\/\/campusrestrepo.unillanos.edu.co\/index.php\/wp-json\/wp\/v2\/pages\/139\/revisions\/140"}],"wp:attachment":[{"href":"https:\/\/campusrestrepo.unillanos.edu.co\/index.php\/wp-json\/wp\/v2\/media?parent=139"}],"curies":[{"name":"wp","href":"https:\/\/api.w.org\/{rel}","templated":true}]}}